= 4*m - 3*i - 4. Suppose k - 83 = 4*r, -2*r + 319 = m*k - f*k. Is k a prime number?
True
Let w be (-34)/(-6) - (-4)/(-6). Suppose w*v + 30 = s, 3*v + 10 = 5*s - 30. Suppose -3*k - s*n = -262, 0*k - 5*k + 370 = -5*n. Is k composite?
False
Suppose -4*z + g = 1, 4*z - 5*z + g = -2. Is (z/1)/((-1)/379) prime?
True
Suppose -87195 = -12*d - 11079. Is d a composite number?
False
Let m(d) = -d**3 - 4*d**2 + 5*d + 1. Let p be m(-6). Suppose -p*c = -39*c - 5012. Is c a prime number?
False
Let x be (118/3)/(2/9). Let o = 95 + -92. Suppose 2*v = -3*m - 0*v + x, 3*m - o*v - 177 = 0. Is m a composite number?
False
Suppose 0 = 92*k - 106*k + 187138. Is k a composite number?
False
Suppose -2*q = 2*a - 0*q - 428, 5*a + q = 1058. Suppose 0 = 5*c + a - 1266. Is c composite?
False
Let j = -4949 - -17142. Is j a composite number?
True
Let d be (-33)/(-22)*16/6. Suppose 2*u - 3*s = 2, -d*s - 4 = -5*u + u. Let j(w) = 745*w**2 + w - 1. Is j(u) a prime number?
False
Suppose 5*a - 2*k - 976 = 0, 5*a = -3*k - 2*k + 955. Let j = 249 + a. Is j a prime number?
True
Is -4*(1228/(-24) - 1/3) prime?
False
Let f(x) = 17*x - 4*x**2 - 2 + 5*x**2 - 9*x - 5. Is f(16) prime?
False
Suppose 0 = -5*p + 6*h - h + 20, 10 = 5*p - 3*h. Is (-6)/(-4) + 7555/10 - p prime?
False
Let r be 4/20 + 2434/5. Suppose 4*z - 5*z = -r. Is z prime?
True
Let y = -801 + 2395. Is y a prime number?
False
Suppose -2*l - 10 = -8. Let k be ((-1)/l - 4) + 5. Let i(o) = 14*o**2 + 2*o - 2. Is i(k) a composite number?
True
Let n(a) = -9*a + 1. Let z be n(-5). Suppose -4*l = -20*l - 144. Let k = z + l. Is k prime?
True
Let a be 4 - (3 - -2) - -399. Let q = 889 - a. Is q composite?
False
Suppose 3*h - 85 - 91 = -4*f, 4*f + 5*h - 168 = 0. Is f a prime number?
True
Let y = 13 + -9. Let t be y/((5/(-16))/(-5)). Suppose -4*j = -4*n - 388, -258 + t = -2*j - n. Is j a composite number?
False
Let u = -33 + 108. Let a = u - 13. Suppose -633 = -3*x - r, x + 4*r = a + 149. Is x composite?
False
Let v(b) = -2*b**3 - 3*b**2 + 6*b - 20. Let o be v(-7). Let d = 1150 - o. Is d prime?
True
Let s(j) = -3*j**2 - 7*j - 1. Let l(y) = 3*y**2 + 6*y + 1. Let q(z) = -2*l(z) - 3*s(z). Is q(7) composite?
False
Suppose -7345 - 1475 = -7*n. Let d = n + -759. Is d a composite number?
True
Let r = -1902 - -5245. Is r a composite number?
False
Let f(w) = 26*w**3 + w**2 + 6*w - 10. Suppose 8 = -4*u - 4*h, -4*u - h = -2*u - 1. Is f(u) a composite number?
False
Suppose -4 = -5*r + 4*r. Suppose 0 = -2*h - 4*l + 884, -2*l + 2178 = r*h + h. Suppose -1692 = -3*d - 5*f + h, 0 = -d - f + 708. Is d composite?
True
Suppose 14*o - 28369 = 3*o. Is o prime?
True
Let m be 0 + 0 + -9 + 11. Is (-1 - -3)*(m - (-15)/2) a prime number?
True
Let p(x) = x + 5. Let c be p(-7). Let m = c + 3. Is (102/12)/(m/46) a composite number?
True
Suppose 12*y - 15*y = 3507. Let n = y + 2436. Is n prime?
False
Suppose -l = -1118 - 1440. Suppose l - 8243 = -15*m. Is m prime?
True
Let k(l) = -36*l**2 + 4*l + 6. Let m be k(-7). Let t = -849 - m. Is t a composite number?
False
Let k(p) = 1511*p + 1000. Is k(47) prime?
False
Suppose k - 42318 = -2*s - 3247, -s + 19538 = 3*k. Is s a prime number?
False
Let i(n) = 390*n**2 + 2*n + 1. Suppose 11*q = 12*q + 1. Is i(q) prime?
True
Let q = 1749 - 1136. Is q prime?
True
Suppose 2*v - 43913 = y, 38683 + 71137 = 5*v + 5*y. Is v a composite number?
True
Suppose 4*d = 8, -d - 2*d = -5*c + 4. Let m(q) = -9*q + 23. Let u(t) = -5*t + 11. Let a(h) = c*m(h) - 5*u(h). Is a(8) a composite number?
False
Suppose 43*z = 35*z + 88456. Is z prime?
True
Let z = 1979 + -1387. Suppose 15057 - z = 11*d. Is d composite?
True
Suppose 8413 + 11608 = j. Is j a prime number?
True
Suppose 4*g - 20 = 0, -4*b + 3*g = 5*g + 138. Let r be ((4 - 0) + b)*-1. Suppose 3*s = r + 189. Is s prime?
False
Suppose 5*t - 4*s = -14, -t + 2*s = t + 4. Is (-14388)/(-16) + -2 + t/(-8) a prime number?
False
Suppose -33447 = -8*b + 1121. Is b composite?
True
Let z = 33375 + -19934. Is z a composite number?
False
Let r = 22407 - 4078. Is r composite?
False
Suppose -u - 5 = 3. Let q be u/(-5) - 2/(-5). Suppose q*k - 376 = -2*k. Is k composite?
True
Suppose 1338 = -2*c + 4*m, -2*c + 3*m - 586 = 752. Let k(t) = -127*t - 32. Let b be k(12). Let l = c - b. Is l composite?
False
Suppose -10*u = 15 - 5. Is 2 - ((-3)/u - 4112) composite?
False
Suppose -w + 5588 = -15. Is w a prime number?
False
Suppose 3*f - 2*g = 15271, -3*g = -5*f + 12387 + 13064. Is f a composite number?
True
Let k = 18 + -10. Suppose -2*w = 2*w - k. Suppose i + 0*i - 4 = 0, 5*i - 1026 = -w*v. Is v composite?
False
Let l(d) = -d + 1. Let m(i) = -11*i - 1. Let b be m(-1). Suppose 2*f - 4*g + g = b, -f = -2*g - 7. Is l(f) composite?
False
Suppose u - 1817 - 282 = 0. Is u a composite number?
False
Suppose 2 + 0 = 2*f. Let c be 263 + (-2 - -4)*f. Let y = -180 + c. Is y prime?
False
Suppose h = -0*h - 249. Is 8/12*h/(-2) a prime number?
True
Let x be 1/4 - (-140208)/64. Let o = x + -1362. Is o a prime number?
True
Let x(s) = -s**3 + 2*s**2 + s - 2. Let h be x(2). Let u be (11/(-2))/(105/(-100) + 1). Suppose 0 = -4*f + 2*p + u, -5*f = -h*p - 2*p - 135. Is f prime?
False
Let p(s) = 12*s**2 + 48*s - 41. Is p(-28) a composite number?
True
Suppose 3*z + 2*z = 0. Suppose z = q + 3*a - 19, 4*q + a - 21 = -0*a. Suppose 2*o = q*o - 20. Is o a prime number?
False
Let m = 1494 + -963. Let i = 595 + -613. Is (m/i)/(2/(-8)) a composite number?
True
Suppose -5*t - 2777 = -4*o, -46*t + 707 = o - 43*t. Is o a prime number?
False
Let r(b) = 3231*b**2 + b. Let z be r(1). Suppose 3*c = 5*k - 6260, -5*c + z = 5*k - 3068. Is k composite?
True
Let i be -2*(-4 + (-2)/(-1)). Let g = 112 - 108. Suppose g*f = -2*y + 434, -f + i*y + 222 = f. Is f composite?
False
Let c(n) = 2*n**3 + 4*n**2 + 13*n - 38. Is c(11) a composite number?
False
Let o(j) = 12*j**2 + j - 7. Suppose -2*n - 4*m = -18, -m - 27 = 2*n - 6*n. Let q be o(n). Suppose 34 = 2*g - q. Is g a composite number?
False
Is ((-3)/(-3) + -3)*(-3571608)/48 composite?
False
Let y(h) = -2393*h - 817. Is y(-18) a prime number?
True
Let t(f) = -f**3 - 9*f**2 - f - 9. Let d be t(-9). Let w(r) = -r + 237. Let k be w(d). Is (1/(-3))/((-1)/k) a composite number?
False
Let t = 971 + 116. Is t composite?
False
Let t = 5244 + -3611. Is t composite?
True
Let n be (-870)/(-14) + 0 + (-3)/21. Suppose 0 = 12*l - n - 682. Is l prime?
False
Let q = -1 - 1. Let u be (q - 0/3)/(-1). Suppose 4*x + 2065 = 3*j, u*x = -0*x + 4. Is j a prime number?
True
Let f be ((-623)/(-21))/(2/18). Suppose -f = g - 4*g. Is g composite?
False
Suppose 2*b - 2*x = 3*b - 12, 3*b - 16 = -x. Suppose -a + 891 = n, b*a - a = -2*n + 1784. Is n composite?
True
Suppose k = -10*k + 11. Is 193/(-2)*-2 + (k - 3) a prime number?
True
Let z = -293 - -208. Let j = z + 168. Is j prime?
True
Let o(u) = -5*u + 14. Let q be o(7). Let i = -20 - q. Is (i - 0 - 0)*163 prime?
True
Let u(z) = 3*z - 14. Let v be u(6). Suppose v = 3*o - 5. Suppose -o*c = -c - 254. Is c a prime number?
True
Suppose -21 = -3*j + 2*j - 4*v, -4*j + 84 = v. Let h = j - 17. Suppose y = -h*y + 1335. Is y composite?
True
Suppose -3*h + 2 = -4. Suppose h*k + 5*z + 305 = 3017, -4*k = 3*z - 5438. Is k a prime number?
True
Let y be 0/(4/(2 + -4)). Suppose -o - 4*o + 67 = -4*t, 64 = 4*o + 2*t. Suppose -5*w + 5*r + 570 = y, 433 = 4*w + 4*r - o. Is w composite?
False
Let u = 27001 + 13902. Is u a prime number?
True
Suppose 0*t - 2704 = -4*t. Let g = t - 66. Suppose q = 5*w + 6*q - g, -4 = 4*q. Is w a prime number?
False
Suppose 0 = 10*w - 101805 - 97645. Is w prime?
False
Suppose -5*x + 1 = 16. Let k be 4 + x + 2 + 4103. Suppose a + a = k. Is a composite?
False
Suppose -12 = -3*a + 2*d + 127, 4*d = 16. Is a a prime number?
False
Let b = -172 - -191. Is b a prime number?
True
Suppose -4*y = -u - 59689, -5*y + 5*u = -66228 - 8402. Is y a composite number?
True
Let i(d) be the first derivative of -d**4/4 - 11*d**3/3 + 9*d**2 - 19*d + 5. Let y(f) = f**2 - 10*f - 4. Let x be y(9). Is i(x) composite?
True
Suppose 2*d + 139 - 801 = 0. Is d a prime number?
True
Suppose 0 = 2*l - 3*i - 60578, l - i - 3*i - 30289 = 0. Is l a prime number?
False
Suppose -3*w = -2*g - g - 18, -w + 3*g + 14 = 0. Suppose w*n - 62 - 191 = a, 5*a + 503 = 4*n. Is n prime?
True
Suppose 4*p = 5*b - 37423, -p = -5*b - 0*p + 37417. I